894?
9
What is the millions digit of 2121394?
2
What is the units digit of 979481?
1
What is the hundred thousands digit of 1775261?
7
What is the ten millions digit of 16992748?
1
What is the ten thousands digit of 469345?
6
What is the units digit of 560364?
4
What is the millions digit of 8128787?
8
What is the tens digit of 1012585?
8
What is the millions digit of 26265890?
6
What is the hundreds digit of 546911?
9
What is the units digit of 1377915?
5
What is the millions digit of 1341139?
1
What is the units digit of 1615562?
2
What is the ten thousands digit of 381836?
8
What is the thousands digit of 996943?
6
What is the ten thousands digit of 29872?
2
What is the hundred thousands digit of 10332645?
3
What is the ten thousands digit of 7872029?
7
What is the units digit of 296702?
2
What is the units digit of 10856?
6
What is the hundreds digit of 4456089?
0
What is the tens digit of 740762?
6
What is the millions digit of 1597574?
1
What is the hundred thousands digit of 4917415?
9
What is the thousands digit of 18682482?
2
What is the hundreds digit of 965524?
5
What is the tens digit of 186153?
5
What is the units digit of 9611796?
6
What is the units digit of 508498?
8
What is the hundreds digit of 912663?
6
What is the tens digit of 840336?
3
What is the thousands digit of 21833706?
3
What is the hundreds digit of 597735?
7
What is the hundreds digit of 24385615?
6
What is the hundred thousands digit of 1053453?
0
What is the thousands digit of 229175?
9
What is the hundreds digit of 2049473?
4
What is the hundred thousands digit of 4648096?
6
What is the thousands digit of 113240?
3
What is the units digit of 282004?
4
What is the units digit of 39669?
9
What is the millions digit of 15238183?
5
What is the hundreds digit of 68533?
5
What is the hundred thousands digit of 9731109?
7
What is the ten thousands digit of 1875405?
7
What is the hundred thousands digit of 12548387?
5
What is the thousands digit of 6554013?
4
What is the hundred thousands digit of 302564?
3
What is the tens digit of 750923?
2
What is the thousands digit of 706547?
6
What is the ten thousands digit of 1447320?
4
What is the hundreds digit of 8008988?
9
What is the thousands digit of 505661?
5
What is the tens digit of 84762?
6
What is the thousands digit of 1572395?
2
What is the ten thousands digit of 13780664?
8
What is the hundreds digit of 1242839?
8
What is the tens digit of 5134183?
8
What is the hundreds digit of 9825692?
6
What is the hundred thousands digit of 3501945?
5
What is the hundred thousands digit of 3869710?
8
What is the tens digit of 8080?
8
What is the tens digit of 10283155?
5
What is the units digit of 1897061?
1
What is the tens digit of 344725?
2
What is the thousands digit of 106161?
6
What is the hundred thousands digit of 2750624?
7
What is the hundred thousands digit of 173760?
1
What is the tens digit of 1963613?
1
What is the tens digit of 1192343?
4
What is the ten thousands digit of 9609455?
0
What is the hundreds digit of 404795?
7
What is the ten thousands digit of 522643?
2
What is the thousands digit of 2225687?
5
What is the millions digit of 4311745?
4
What is the ten thousands digit of 2091997?
9
What is the units digit of 520040?
0
What is the units digit of 14038586?
6
What is the hundred thousands digit of 2718918?
7
What is the tens digit of 2395041?
4
What is the thousands digit of 1608010?
8
What is the hundreds digit of 385462?
4
What is the thousands digit of 951018?
1
What is the hundreds digit of 294274?
2
What is the hundreds digit of 7697913?
9
What is the units digit of 9084036?
6
What is the millions digit of 4911909?
4
What is the units digit of 325872?
2
What is the thousands digit of 988858?
8
What is the units digit of 1021395?
5
What is the thousands digit of 8523291?
3
What is the tens digit of 182493?
9
What is the thousands digit of 6733261?
3
What is the hundreds digit of 425186?
1
What is the tens digit of 665390?
9
What is the hundred thousands digit of 245935?
2
What is the units digit of 270247?
7
What is the units digit of 187824?
4
What is the hundred thousands digit of 227468?
2
What is the units digit of 629337?
7
What is the ten millions digit of 10018581?
1
What is the hundred thousands digit of 3193611?
1
What is the tens digit of 38720?
2
What is the millions digit of 9110394?
9
What is the tens digit of 384234?
3
What is the tens digit of 993304?
0
What is the thousands digit of 477977?
7
What is the thousands digit of 378524?
8
What is the ten thousands digit of 211495?
1
What is the millions digit of 4104105?
4
What is the units digit of 1186360?
0
What is the millions digit of 3548446?
3
What is the ten thousands digit of 13830902?
3
What is the units digit of 1400315?
5
What is the ten thousands digit of 5740179?
4
What is the hundred thousands digit of 5091338?
0
What is the tens digit of 9538240?
4
What is the ten millions digit of 24736838?
2
What is the ten thousands digit of 391974?
9
What is the thousands digit of 3485630?
5
What is the millions digit of 1776137?
1
What is the hundreds digit of 17998828?
8
What is the hundreds digit of 209847?
8
What is the hundred thousands digit of 962703?
9
What is the hundreds digit of 5329982?
9
What is the hundred thousands digit of 2428435?
4
What is the thousands digit of 13740334?
0
What is the tens digit of 721463?
6
What is the units digit of 696840?
0
What is the thousands digit of 253041?
3
What is the tens digit of 339427?
2
What is the units digit of 600270?
0
What is the millions digit of 5609249?
5
What is the ten millions digit of 17138964?
1
What is the hundreds digit of 1376312?
3
What is the hundred thousands digit of 1009675?
0
What is the ten thousands digit of 2642416?
4
What is the thousands digit of 405341?
5
What is the hundreds digit of 3758345?
3
What is the ten thousands digit of 210673?
1
What is the ten thousands digit of 168331?
6
What is the hundred thousands digit of 2397338?
3
What is the hundreds digit of 10860731?
7
What is the ten millions digit of 36372322?
3
What is the ten thousands digit of 588591?
8
What is the hundreds digit of 357090?
0
What is the units digit of 105873?
3
What is the thousands digit of 81997?
1
What is the units digit of 177346?
6
What is the hundred thousands digit of 473694?
4
What is the hundreds digit of 216951?
9
What is the hundred thousands digit of 102410?
1
What is the units digit of 21995885?
5
What is the thousands digit of 255908?
5
What is the tens digit of 12471164?
6
What is the hundreds digit of 75891?
8
What is the thousands digit of 2662421?
2
What is the hundreds digit of 173074?
0
What is the tens digit of 261854?
5
What is the millions digit of 3067366?
3
What is the thousands digit of 438805?
8
What is the ten thousands digit of 705496?
0
What is the millions digit of 1728586?
1
What is the hundreds digit of 1595843?
8
What is the hundred thousands digit of 786056?
7
What is the millions digit of 3083116?
3
What is the hundreds digit of 1191494?
4
What is the hundred thousands digit of 6632699?
6
What is the units digit of 215427?
7
What is the hundred thousands digit of 673526?
6
What is the units digit of 293648?
8
What is the millions digit of 2119414?
2
What is the units digit of 4118166?
6
What is the thousands digit of 26866100?
6
What is the hundred thousands digit of 2295500?
2
What is the units digit of 12883598?
8
What is the millions digit of 1169910?
1
What is the tens digit of 6026533?
3
What is the hundred thousands digit of 456555?
4
What is the hundreds digit of 418690?
6
What is the tens digit of 2198632?
3
What is the ten thousands digit of 14337?
1
What is the thousands digit of 5782055?
2
What is the hundred thousands digit of 834774?
8
What is the tens digit of 30675427?
2
What is the hundreds digit of 7125288?
2
What is the tens digit of 28632675?
7
What is the hundred thousands digit of 8267888?
2
What is the units digit of 1626212?
2
What is the hundreds digit of 699294?
2
What is the units digit of 9462232?
2
What is the ten thousands digit of 864847?
6
What is the ten thousands digit of 446569?
4
What is the hundreds digit of 610946?
9
What is the tens digit of 145997?
9
What is the ten thousands digit of 1056360?
5
Wh